- w + 6. What is f(7)?
-1
Let b(y) = y - 8. Calculate b(5).
-3
Let t(w) = 24*w**2 + 6*w - 7. Calculate t(1).
23
Let x(m) = -6*m - 30. What is x(-5)?
0
Let u(i) = -i**3 + 9*i**2 + 9*i - 3. Give u(10).
-13
Let h(q) = -4*q**2 + q + 1. Determine h(-3).
-38
Let x(k) = 2*k**2 - 8*k + 13. Give x(4).
13
Let y(j) = 4*j**2 + 56*j + 7. Calculate y(-14).
7
Let a(s) = -s**3 - 7*s**2 + 6*s - 8. What is a(-7)?
-50
Let x(b) = -6*b - 33. What is x(-6)?
3
Let s(g) = g**3 + 2*g**2 - 4*g - 11. Give s(-3).
-8
Let j(a) = -a + 21. Calculate j(38).
-17
Let m(x) = -x**3 + 5*x**2 - 4*x + 3. Determine m(4).
3
Let m(c) = 2*c**2 - 11*c + 16. What is m(2)?
2
Let l(u) = 68*u**2 - 3*u - 2. Determine l(-1).
69
Let c(h) = -h**2 - h + 7. Calculate c(0).
7
Let o(w) = -5*w - 6. Determine o(0).
-6
Let y(l) = -l**3 + 28*l**2 - 26*l - 44. Give y(27).
-17
Let j(r) = r**3 - 12*r**2 - 21*r - 15. Determine j(14).
83
Let z(q) = -q**2 + 6*q - 4. What is z(5)?
1
Let m(d) = 91*d + 262. Determine m(-3).
-11
Let q(n) = 22*n - 264. Determine q(12).
0
Let r(t) = -13*t**2 - 2*t + 4. Give r(2).
-52
Let j(u) = u**2 + u + 3. What is j(0)?
3
Let k(l) = -l**2 + 8*l + 11. Give k(-3).
-22
Let r(g) = -114*g + 784. Give r(7).
-14
Let a(v) = 2*v**2 - 10*v + 5. Calculate a(5).
5
Let k(y) = 5*y + 5. Give k(-4).
-15
Let w(y) = 2*y**3 + 6*y**2 - 14*y + 7. Determine w(-6).
-125
Let j(f) = -f**2 - 4*f + 4. Determine j(-5).
-1
Let n(t) = t**2 + 23*t + 107. Give n(-6).
5
Let b(x) = 40*x - 3. Determine b(1).
37
Let w(x) = -x**3 + 16*x**2 - 15*x + 1. Give w(15).
1
Let u(h) = h**2 + 16*h + 33. Calculate u(-3).
-6
Let l(k) = 2*k + 6. Determine l(7).
20
Let d(b) = 10*b + 2. Determine d(-3).
-28
Let p(q) = -q**2 - 10*q + 6. What is p(-6)?
30
Let v(r) = -r**2 - 9*r + 34. Determine v(-12).
-2
Let u(j) = j**3 + 22*j**2 + 73*j + 16. Determine u(-18).
-2
Let i(k) = -k**3 - 7*k**2 - 4*k - 17. Determine i(-7).
11
Let s(h) = 2*h**3 - 9*h**2 - 3*h + 4. Calculate s(5).
14
Let v(c) = 6*c - 104. Determine v(17).
-2
Let d(h) = -2*h**2 - 11*h - 6. Give d(-7).
-27
Let f(n) = -12*n**3 + 8*n**2 - 9*n - 1. Determine f(1).
-14
Let q(r) = 4*r - 10. Calculate q(2).
-2
Let k(g) = 3*g**2 - 47*g + 16. What is k(15)?
-14
Let k(y) = -5*y + 135. Calculate k(26).
5
Let x(y) = -y**2 - y - 50. What is x(0)?
-50
Let n(t) = 6*t + 8. Determine n(-1).
2
Let p(r) = 2*r**2 + 14*r. Calculate p(-8).
16
Let f(w) = -w**2 - w - 7. Determine f(4).
-27
Let l(s) = 18*s - 1. What is l(8)?
143
Let b(d) = d**3 - 9*d**2 + 13*d - 9. Calculate b(5).
-44
Let o(u) = u**3 + 6*u**2 + u + 13. Give o(-6).
7
Let y(l) = l**3 - 8*l**2 - l + 1. Calculate y(8).
-7
Let k(c) = c**2 - 6*c + 1. Determine k(2).
-7
Let v(y) = y - 9. What is v(-3)?
-12
Let z(j) = j + 10. Calculate z(-5).
5
Let s(p) = p**2 + 16*p - 135. Determine s(-22).
-3
Let i(s) = -2*s**2 + 4*s + 9. Determine i(5).
-21
Let b(q) = -5*q. What is b(-1)?
5
Let t(y) = y**2 + 8*y + 4. Give t(-6).
-8
Let j(b) = b**3 - 3*b**2 - 2*b - 3. Determine j(3).
-9
Let y(o) = 9*o - 15. Give y(2).
3
Let o(k) = -k**3 - 16*k**2 - 27*k. What is o(-13)?
-156
Let b(w) = w + 2. Determine b(-4).
-2
Let j(a) = -7*a**2 - 365*a - 60. Determine j(-52).
-8
Let w(c) = -2*c**2 - 6*c - 7. What is w(-2)?
-3
Let g(d) = -d**3 + 7*d**2 - 5*d - 4. Calculate g(6).
2
Let b(u) = u**3 - 6*u**2 + 6*u - 9. Calculate b(6).
27
Let m(u) = u**3 + 5*u**2 - 5*u - 10. Calculate m(-6).
-16
Let d(i) = i**3 + 12*i**2 + 11*i - 7. Give d(-11).
-7
Let v(h) = 2*h**2 + 14*h - 17. What is v(-8)?
-1
Let n(m) = 2*m + 45. What is n(-18)?
9
Let z(f) = -f**2 - 10*f - 1. Calculate z(-7).
20
Let v(f) = f**3 - 36*f**2 - 6. Calculate v(36).
-6
Let h(b) = -b**2 + 17*b - 30. Determine h(10).
40
Let p(a) = 2*a**2 + 28*a + 16. What is p(-6)?
-80
Let f(c) = c**3 - 28*c**2 + 54*c - 60. Calculate f(26).
-8
Let g(r) = r - 11. Calculate g(22).
11
Let j(h) = -12*h + 142. Determine j(13).
-14
Let g(o) = -3*o - 3. Determine g(4).
-15
Let u(s) = -51*s - 3. Calculate u(1).
-54
Let p(b) = b**3 - 20*b**2 + b - 13. Give p(20).
7
Let p(i) = i**3 - 5*i**2 - 46*i + 15. Calculate p(-5).
-5
Let m(x) = -x**2 + 4*x + 7. What is m(5)?
2
Let w(b) = 6*b + 5. What is w(-14)?
-79
Let f(z) = z**3 - 10*z**2 - 54*z - 6. Calculate f(14).
22
Let n(q) = -q**3 + 16*q**2 + 28*q - 27. Calculate n(17).
160
Let t(r) = r**3 + 4*r**2 - 8*r + 14. Determine t(-6).
-10
Let m(h) = -h**3 + 3*h**2 - 4*h + 13. Determine m(3).
1
Let j(g) = g**2 - 13*g + 25. Determine j(8).
-15
Let z(x) = -x**2 + 21*x - 24. Give z(19).
14
Let f(b) = -b**3 + 8*b**2 - 5*b + 5. Calculate f(7).
19
Let r(d) = d**3 - 5*d**2 + 5*d - 5. Give r(4).
-1
Let w(f) = -f**3 + 8*f**2 + f - 9. Give w(8).
-1
Let y(r) = -2*r - 9. Give y(-4).
-1
Let l(f) = -f**3 + 9*f**2 + 15*f - 13. Calculate l(10).
37
Let j(n) = n**2 - 5*n - 12. Determine j(7).
2
Let h(j) = -5*j + 52. What is h(7)?
17
Let o(k) = -95*k - 197. What is o(-2)?
-7
Let y(j) = -j**2 + 4*j + 23. Determine y(0).
23
Let n(y) = -5*y**3 - 58*y**2 + 24*y + 5. What is n(-12)?
5
Let f(y) = -7*y**2 - 10*y + 17. Calculate f(-3).
-16
Let g(b) = -b - 1. Determine g(-6).
5
Let r(f) = f**3 - 8*f**2 - 24*f + 36. Determine r(10).
-4
Let z(r) = r**3 - 6*r**2 + 4*r + 9. Calculate z(5).
4
Let k(a) = -2*a**2 - 64*a + 360. Determine k(-37).
-10
Let y(t) = -t**2 + 16*t - 5. Calculate y(8).
59
Let b(d) = -d**3 - 19*d**2 + 43*d + 24. Calculate b(-21).
3
Let j(z) = z**3 + 6*z**2 - 15*z + 10. Determine j(-8).
2
Let v(g) = 9*g**2 + 15*g + 27. What is v(-3)?
63
Let w(k) = -3*k**2 + 4*k + 8. Calculate w(4).
-24
Let n(m) = m**2 + 10*m + 17. What is n(-6)?
-7
Let i(x) = -5*x**2 + 125*x + 2. Determine i(25).
2
Let c(r) = -5*r - 12. Give c(-3).
3
Let t(r) = 21*r - 453. What is t(22)?
9
Let t(y) = y - 6. Calculate t(-2).
-8
Let q(p) = p**2 - 7*p - 82. Calculate q(-6).
-4
Let q(z) = -z**2 + 22*z - 12. Calculate q(21).
9
Let x(j) = 9*j + 4. Calculate x(5).
49
Let j(l) = -l**3 - 9*l**2 - 3*l + 6. Calculate j(-9).
33
Let s(k) = 9*k**2 + 4*k + 8. Determine s(-2).
36
Let t(j) = 5*j + 26. Determine t(-3).
11
Let i(l) = 3*l**2 + 21*l + 2. What is i(-7)?
2
Let z(d) = d**2 + 15*d + 16. What is z(-13)?
-10
Let k(c) = -c**2 + 5*c + 8. Give k(0).
8
Let v(d) = d**3 + 7*d**2 + 10*d + 5. Determine v(-5).
5
Let u(b) = -b**2 + b - 2. What is u(2)?
-4
Let m(y) = -4*y**3 + 2*y**2 - 5*y - 7. Determine m(-3).
134
Let c(d) = -3*d - 1. What is c(-4)?
11
Let x(z) = -2*z**2 + 8*z - 4. Determine x(7).
-46
Let q(r) = r**3 - 2*r**2 - 5*r + 4. Calculate q(5).
54
Let i(c) = c**3 + 7*c**2 + 8*c - 11. Calculate i(-5).
-1
Let f(b) = b + 57. Give f(-61).
-4
Let v(p) = 2*p**2 + 14*p - 3. Determine v(-6).
-15
Let h(i) = 9*i. Calculate h(2).
18
Let i(a) = 2*a - 1. Calculate i(1).
1
Let m(r) = -r**3 + 16*r**2 + 39*r - 45. What is m(18)?
9
Let g(a) = a**2 + 30*a + 221. Give g(-14).
-3
Let k(y) = y**2 - 4*y - 3. What is k(6)?
9
Let g(n) = -2*n**2 + 6*n + 7. Calculate g(8).
-73
Let n(f) = -3*f**2 + 8*f + 14. What is n(5)?
-21
Let c(z) = -2*z + 20. What is c(3)?
14
Let q(p) = -36*p - 2. Determine q(1).
-38
Let n(u) = 7*u**2 + 6*u + 8. Determine n(-4).
96
Let s(r) = -r - 15. Give s(-17).
2
Let n(s) = 3*s - 17. Determine n(-7).
-38
Let t(k) = -k - 30. Calculate t(-24).
-6
Let h(l) = 12*l + 4. Give h(4).
52
Let p(t) = 5*t**2 + 17*t + 6. Give p(-4).
18
Let s(f) = 2*f**2 + 37*f + 85. Give s(-16).
5
Let k(w) = -w**3 + 7*w**2 - 8*w + 8. Give k(4).
24
Let r(z) = -z**3 - 9*z**2 + 141*z + 88. Give r(-17).
3
Let a(o) = 2*o**3 + 6*o**2 + 6*o. What is a(-4)?
-56
Let t(i) = -3*i**2 - 3*i - 1. Calculate t(-2).
-7
Let b(y) = y**2 + 9*y - 2. Determine b(-9).
-2
Let p(u) = 38*u + 3. Calculate p(-4).
-149
Let w(z) = -12*z - 3. Give w(-3).
33
Let f(i) = 10*i - 89. Determine f(8).
-9
Let k(c) = -c - 10. Calculate k(-7).
-3
Let d(x) = -2*x - 13. What is d(-7)?
1
Let r(p) = -p**3 - 14*p**2 - 9*p + 18. What is r(-13)?
-34
Let h(g) = g**3 + 2*g**2 + 13. Calculate h(0).
13
Let a(u) = u - 44. Calculate a(-15).
-59
Let y(p) = 9*p - 137. What is y(18)?
25
Let n(z) = -53*z**3 - 2*z**2. Give n(1).
-55
Let b(z) = 4*z**3 - 28*z**2 + 4*z - 28. What is b(7)?
0
Let b(v) = -v**3 + 5*v**2 - 3*v - 3. Calculate b(3).
6
Let b(p) = -p**3 + 13*p**2 - 14. Calculate b(13).
-14
Let a(z) = z**2 - 12*z - 2. What is a(5)?
-37
Let a(k) = -k**2 - k - 32. Give a(0).
-32
Let q(d) = -d**3 + 3*d**2 + 3*d - 4. What is q(3)?
5
Let b(l)